 divisor of 21 and d.
7
Suppose -y = -0*y - 27. Let k be (-2)/8 + (-26)/(-8). Suppose -4*l = 9 + k, -4*l = -2*p + 18. Calculate the highest common divisor of p and y.
3
Suppose -2*v = -4*z + 24, -v + 0*v = 4*z - 18. Let g be 2 - v*(-1)/(-2). What is the highest common factor of g and 15?
3
Let n = 18 - 11. Let x = n + 5. Calculate the highest common factor of 18 and x.
6
Suppose -c = -7*c + 60. Calculate the highest common divisor of c and 2.
2
Let o be (-3 - 8)/((-2)/26). What is the highest common factor of o and 13?
13
Let t(r) = 15 - 8*r - 28 + 15. Let s be t(-2). Suppose -3*a - a + 144 = 0. Calculate the highest common factor of s and a.
18
Let c(n) = 3*n**2 - 3*n - 4. Let q be c(3). Calculate the highest common divisor of 70 and q.
14
Let r(k) = -59*k + 1. Suppose 0 = -3*n - 2*h + 2, -n - 6*h + 5 = -h. Let q = -1 - n. Let x be r(q). Calculate the greatest common factor of 24 and x.
12
Let j(w) = -w + 9. Let c be j(13). Let s = 127 + -17. Let n be s/c*12/(-15). What is the highest common divisor of n and 55?
11
Let k be 56/(-12)*6/(-4). Suppose -f - 105 = -4*f. What is the greatest common divisor of k and f?
7
Let d(u) = 2*u**2 + 12*u + 4. Let k be d(-8). What is the highest common factor of k and 4?
4
Suppose 0 = 16*d - 20*d + 48. What is the greatest common factor of d and 8?
4
Suppose 3*m - 14 = -2*l, 4*l - 10 = -m + 8. Suppose b + 14 = 3*b. Suppose 3*o + 16 = b*o. Calculate the highest common factor of l and o.
4
Let d be (-448)/(-6) + 1/3. Suppose -12 = -c - n + 14, -2*c - 4*n = -44. What is the highest common factor of d and c?
15
Suppose 2*s - 24 = -2*s. Let w(d) = 2*d - 30. Let p be w(16). Suppose 0 + s = p*t. Calculate the greatest common divisor of 2 and t.
1
Suppose 2*c + 5 = 15. Suppose 28 + 32 = c*u. What is the highest common factor of u and 3?
3
Suppose 5*g + 0*t + t = -89, 0 = -g - 4*t - 14. Let f = 2 - g. Suppose 2*z - 244 = -3*z + 3*u, -u + 252 = 5*z. Calculate the greatest common factor of f and z.
10
Suppose 5*u = u + 72. Let j(l) = -3*l - 9. Let g = -6 - 1. Let o be j(g). Calculate the highest common factor of u and o.
6
Let t be 14/1 + 0 + 0. Let v = 9 - t. Let i = v - -14. Calculate the highest common factor of 81 and i.
9
Let m be 530/11 - 6/33. Suppose m = 4*d - 0*d. What is the highest common factor of 36 and d?
12
Let b = -13 - -18. Calculate the highest common factor of 1 and b.
1
Let w = 15 + -11. Suppose 26 = w*o - 2*y, -2*o = -0*o - 5*y - 33. Suppose j = -o*j + 15. What is the highest common divisor of j and 9?
3
Let v(a) = -7*a**3 + a**2 - 2*a + 3. Let r be v(2). Let t = 122 + r. What is the highest common factor of t and 46?
23
Let u(a) = 32*a + 4. Let g be u(1). What is the highest common divisor of 24 and g?
12
Let s(p) = p**3 - 4*p**2 - p. Let f be s(3). Let z(r) = -r**3 - 4*r**2 + 6*r + 4. Let x be z(-4). Let o = f - x. What is the highest common factor of 12 and o?
4
Suppose -y + 18 = 3*x, -6 = -x - 2*y + 5. Suppose -x*l + 120 = -0*l. Calculate the greatest common divisor of l and 12.
12
Let u = -15 - -73. What is the greatest common divisor of u and 87?
29
Suppose -3*w = -i - i + 25, 5*w = 25. Suppose p - 21 = -3*p + z, -2*z = 5*p - 23. What is the highest common divisor of p and i?
5
Let p(g) = -g**2 + 4. Suppose 3*x - 2*l + 4 = -0*x, -2*x = l - 2. Let n be p(x). Suppose 0 = -h - h + 16. Calculate the highest common factor of n and h.
4
Let r be 2*(-2 - 0) - -16. Calculate the highest common divisor of 12 and r.
12
Suppose -4*l - 108 = -3*m, 5*l = -2*m + 2*l + 89. Suppose -36 = 9*o - 7*o. Let s = o - -28. Calculate the highest common divisor of m and s.
10
Suppose -h + 108 = 3*h. Let k be h/18*(-116)/(-6). What is the highest common divisor of k and 29?
29
Let b = 28 + 50. Calculate the greatest common factor of 39 and b.
39
Let l(h) = h**2 + 4*h + 2. Let n be l(-4). Suppose 0 = n*b + b - 15. Let m(p) = 26*p**2 - 1. Let y be m(-1). What is the greatest common factor of b and y?
5
Let y be (18/8)/((-6)/(-256)). Calculate the highest common divisor of y and 64.
32
Suppose -4*q = -0*q + 8. Let v(o) = -6*o - 1. Let a be v(q). What is the greatest common divisor of a and 121?
11
Let d(o) = 2*o**2. Let h be d(-1). Calculate the highest common factor of 16 and h.
2
Let m be 3 + (20/6)/(1/18). What is the highest common divisor of m and 9?
9
Suppose -4*x - 15 = 3*t, x + 1 = -2. Let l be ((3 + -1)*-6)/t. What is the greatest common divisor of 24 and l?
12
Suppose 4*f - 47 = -7. Suppose 0 = 10*v - 5*v - f. Let r be (-260)/(-25) + v/(-5). What is the highest common factor of 90 and r?
10
Let m(t) = t**3 + 5*t**2 - 4. Let j be m(-3). Calculate the highest common factor of j and 56.
14
Let h = 448 + -150. Suppose 0 = -2*o + 4*z + h, 2*o - 100 - 189 = z. Suppose 4*p - 97 = o. What is the greatest common divisor of 24 and p?
12
Suppose 2*a + 11 = 3*a. Let v = a + -6. Calculate the greatest common factor of 45 and v.
5
Suppose -4 = -s + 2. What is the greatest common factor of 66 and s?
6
Let d be (1 + -2)*(-1 + -3). Suppose d*k - 155 = -3*g, 3*k + 4*g = 48 + 70. Calculate the highest common factor of k and 19.
19
Let s(v) = 58*v + 4. Let f be (-5 + 6)*(-6)/(-2). Let x be s(f). Let o = x + -122. Calculate the greatest common divisor of o and 7.
7
Let d(k) = -k**2 + 8*k - 5. Let l be d(7). Suppose 43 = -l*y + 153. Let r be (-4)/8 + (-45)/(-2). What is the greatest common divisor of y and r?
11
Let b = -7 - -8. Let d = b + 4. Suppose 7*x = d*x + 42. Calculate the highest common divisor of 168 and x.
21
Suppose 2 + 1 = u. Let t(s) = 5 + u*s + s + 4*s - 6*s. Let l be t(6). Calculate the highest common factor of 119 and l.
17
Suppose -1 + 3 = q. Suppose q*u = -u + 120. Calculate the highest common divisor of 20 and u.
20
Suppose -2*j + 8 = g, 3 = 2*j - 7. Let w be 0 + 2 + g + 2. Let k(a) = 2*a**2 + 5*a - 3. Let q be k(-5). Calculate the highest common divisor of w and q.
2
Let c be -2*(11/(-2) + 1). Let n be 969/12 - 1/(-4). Calculate the highest common factor of c and n.
9
Let l = 16 - 11. Suppose 3*u - u + l = k, -5*u = 5*k - 100. Let p be 40/7 - (-4)/14. Calculate the highest common divisor of k and p.
3
Let r be ((-21)/35)/((-1)/10). Let m be 86/r - 10/30. What is the highest common divisor of m and 98?
14
Let s be ((-6)/(-8))/(2/24). Let o be ((-11)/22)/(2/(-252)). Calculate the highest common divisor of s and o.
9
Let l(r) = -r**3 - 13*r**2 - 13*r + 6. Let k be l(-12). Calculate the greatest common divisor of k and 36.
18
Suppose -2*m - 2*v - 67 = -5*v, -97 = 2*m + 3*v. Suppose -4*i + 222 = -86. Let f = m + i. What is the greatest common factor of f and 4?
4
Let f(g) = 12*g**2 - g - 2. Let n be f(2). Let v(b) = 5*b - 4. Let i be v(3). What is the greatest common divisor of i and n?
11
Let p(q) = q - 5. Let b be p(7). Suppose 0 = -0*w + b*w - 4. Suppose -20 = 4*l, -5*z - w*l + 12 = -18. Calculate the greatest common divisor of 20 and z.
4
Let w be (-1)/(1 - 8/6). Let h be w + 2 + 0 + 2. Let c = -17 - -31. Calculate the greatest common factor of h and c.
7
Let g(w) = -w**2 - 15. Let p be g(0). Let s be (-1 - p/9)*21. Calculate the highest common factor of s and 14.
14
Suppose -3*b = -5*f - 3, b + 0 = -5*f + 1. What is the greatest common factor of 11 and b?
1
Suppose 9*b = 4*b. Suppose b*r + 5*r - 15 = 0. Suppose -15 = -3*z - 6. Calculate the greatest common factor of r and z.
3
Suppose -c + 2*c = 2, 0 = -5*o + 4*c + 82. Suppose -f + o = 2*f. Suppose 2*n - n = f. Calculate the highest common factor of n and 24.
6
Let v be 4/7 + 640/7. Calculate the greatest common factor of v and 138.
46
Suppose 7 = -2*v + 2*q + 1, -3*v + 4*q = 10. Let o(t) = -3*t**3 - 4*t**2 - 4*t - 3. Let p be o(v). Calculate the highest common divisor of p and 117.
13
Let y be (-2)/(-3) + 426/9. Let b be ((-5)/2)/(13/(-26)) - -1. What is the highest common divisor of b and y?
6
Suppose 3*a - 52 = 7*a. Let l be a/(-2) - 2/4. Suppose 4*y - u = 2*y + 46, -3*y + 78 = 3*u. What is the greatest common factor of y and l?
6
Suppose 0 = -2*j + 6 + 8. Calculate the highest common divisor of j and 56.
7
Suppose 0 = -4*g + 3*b + 20, 5*b - 3*b - 32 = -3*g. Let d = 24 - 22. What is the highest common divisor of d and g?
2
Suppose -4*j + 2*j - 4*r = -32, 5*j - 50 = 5*r. What is the greatest common factor of j and 156?
12
Let y be 4/(4/5) + 0. Suppose -2*z 